
Does 22 divide 519376?
True
Is 7 a factor of 62219?
False
Does 25 divide 5656625?
True
Is 27 a factor of 14698958?
False
Is 18 a factor of 356706?
True
Does 64 divide 77348?
False
Does 1481 divide 3903085?
False
Is 117723 a multiple of 274?
False
Is 407 a factor of 216762?
False
Is 29 a factor of 271788?
True
Is 148004 a multiple of 326?
True
Does 6 divide 740070?
True
Does 8 divide 5670132?
False
Does 1276 divide 1307900?
True
Is 171 a factor of 179379?
True
Does 12 divide 1603020?
True
Is 661 a factor of 2017253?
False
Is 1459458 a multiple of 231?
True
Is 1386322 a multiple of 18?
False
Is 596 a factor of 828440?
True
Does 19 divide 458660?
True
Is 3106557 a multiple of 333?
True
Does 3 divide 283110?
True
Is 296760 a multiple of 6?
True
Does 19 divide 329903?
False
Is 4 a factor of 3043966?
False
Is 40675 a multiple of 165?
False
Is 59 a factor of 135877?
True
Is 44825 a multiple of 25?
True
Is 16 a factor of 4157048?
False
Is 9967964 a multiple of 1361?
True
Is 451 a factor of 5751953?
False
Does 14 divide 27132?
True
Is 966069 a multiple of 897?
True
Is 388 a factor of 30389?
False
Is 372 a factor of 226548?
True
Is 1630620 a multiple of 3?
True
Is 19228 a multiple of 38?
True
Is 239 a factor of 98946?
True
Does 47 divide 49632?
True
Does 56 divide 818984?
False
Does 27 divide 4466?
False
Is 2770766 a multiple of 196?
False
Is 11 a factor of 55043?
False
Does 27 divide 6959223?
True
Does 5 divide 11070?
True
Is 41454 a multiple of 47?
True
Is 5235454 a multiple of 574?
True
Is 19 a factor of 366612?
False
Is 485841 a multiple of 520?
False
Is 7 a factor of 2090865?
True
Does 5 divide 6988780?
True
Is 332550 a multiple of 14?
False
Is 1034266 a multiple of 82?
True
Is 510060 a multiple of 23?
False
Is 93674 a multiple of 4?
False
Does 102 divide 1328308?
False
Is 6062947 a multiple of 79?
False
Is 192166 a multiple of 59?
False
Does 41 divide 3924561?
True
Does 6 divide 122401?
False
Is 5588445 a multiple of 145?
True
Is 376967 a multiple of 20?
False
Is 124922 a multiple of 7?
True
Is 3256767 a multiple of 247?
False
Is 216 a factor of 3812195?
False
Is 110646 a multiple of 120?
False
Is 25 a factor of 9160087?
False
Is 403 a factor of 2901025?
False
Does 12 divide 4281678?
False
Is 5 a factor of 2246116?
False
Is 9345344 a multiple of 32?
True
Is 197282 a multiple of 83?
False
Is 60 a factor of 58268?
False
Is 15670464 a multiple of 192?
True
Is 31 a factor of 34912448?
True
Does 4 divide 1735708?
True
Does 547 divide 9003226?
False
Is 429012 a multiple of 13?
False
Does 146 divide 195494?
True
Is 109 a factor of 1238208?
False
Does 1185 divide 13745282?
False
Does 63 divide 323064?
True
Is 21 a factor of 248073?
True
Is 167 a factor of 256512?
True
Does 395 divide 3424999?
False
Is 2677261 a multiple of 68?
False
Is 55 a factor of 3565078?
False
Is 32 a factor of 278369?
False
Is 1306352 a multiple of 35?
False
Does 82 divide 2203094?
True
Does 442 divide 399304?
False
Is 2763805 a multiple of 11?
True
Is 42 a factor of 775908?
True
Is 200 a factor of 334137?
False
Is 80 a factor of 1661200?
True
Does 294 divide 41934?
False
Does 5 divide 864249?
False
Is 8826831 a multiple of 39?
True
Does 323 divide 8721?
True
Does 243 divide 533784?
False
Is 10 a factor of 27944?
False
Does 501 divide 1036034?
False
Is 24 a factor of 265464?
True
Is 67 a factor of 575865?
True
Is 4400144 a multiple of 57?
False
Is 1139825 a multiple of 25?
True
Is 25 a factor of 669000?
True
Does 13 divide 832936?
True
Does 127 divide 452207?
False
Is 256308 a multiple of 4?
True
Is 23 a factor of 3147044?
True
Is 244 a factor of 237168?
True
Does 99 divide 2976030?
False
Is 263 a factor of 693609?
False
Is 836 a factor of 1877656?
True
Is 36 a factor of 1424376?
True
Does 159 divide 66621?
True
Is 68 a factor of 7577?
False
Is 350 a factor of 199027?
False
Does 22 divide 2773192?
False
Is 116 a factor of 287100?
True
Does 34 divide 8432?
True
Is 307 a factor of 1003924?
False
Does 18 divide 28047?
False
Is 55 a factor of 1237885?
True
Does 2244 divide 28686856?
False
Is 301668 a multiple of 69?
True
Is 964592 a multiple of 334?
True
Is 1280940 a multiple of 10?
True
Is 1609 a factor of 2485905?
True
Is 643914 a multiple of 13?
False
Is 583 a factor of 193556?
True
Is 75 a factor of 656925?
True
Is 11 a factor of 137633?
False
Is 439 a factor of 7520?
False
Is 17 a factor of 279970?
False
Does 4 divide 1213537?
False
Does 7 divide 429492?
True
Is 35 a factor of 20055?
True
Does 28 divide 3018092?
True
Is 1113300 a multiple of 450?
True
Does 39 divide 1007137?
False
Is 142553 a multiple of 38?
False
Is 17505449 a multiple of 149?
False
Does 32 divide 21463?
False
Is 18639 a multiple of 57?
True
Does 58 divide 4862306?
False
Is 64517 a multiple of 195?
False
Does 17 divide 9996?
True
Does 201 divide 1435341?
True
Is 46483 a multiple of 989?
True
Is 858084 a multiple of 92?
True
Does 11 divide 459064?
False
Does 17 divide 758982?
True
Does 117 divide 7872946?
False
Is 739447 a multiple of 83?
True
Does 14 divide 647600?
False
Does 19 divide 12074804?
True
Does 85 divide 1110780?
True
Is 163 a factor of 23185935?
True
Is 321 a factor of 1397557?
False
Is 44 a factor of 65992?
False
Is 138480 a multiple of 30?
True
Does 306 divide 1113915?
False
Is 603195 a multiple of 24?
False
Is 10 a factor of 70280?
True
Is 252588 a multiple of 291?
True
Is 1390652 a multiple of 268?
True
Is 450841 a multiple of 5?
False
Is 746436 a multiple of 102?
True
Is 23 a factor of 1382?
False
Does 140 divide 36960?
True
Is 14005156 a multiple of 436?
False
Does 3 divide 212015?
False
Is 1808186 a multiple of 46?
False
Does 122 divide 178730?
True
Is 4 a factor of 87722?
False
Is 1445752 a multiple of 54?
False
Does 237 divide 466874?
False
Does 48 divide 413472?
True
Does 114 divide 445284?
True
Is 72 a factor of 750149?
False
Is 9590303 a multiple of 103?
False
Does 91 divide 9646?
True
Is 74 a factor of 122222?
False
Is 569618 a multiple of 61?
True
Does 409 divide 7505792?
False
Is 21 a factor of 3355251?
False
Is 8 a factor of 42456?
True
Does 151 divide 5515577?
True
Is 3602017 a multiple of 657?
False
Is 66148 a multiple of 4?
True
Is 28 a factor of 106696?
False
Does 219 divide 195429?
False
Does 21 divide 1517124?
True
Is 37 a factor of 816969?
False
Is 538840 a multiple of 95?
True
Does 887 divide 3270768?
False
Does 41 divide 26035?
True
Is 212907 a multiple of 160?
False
Does 80 divide 397760?
True
Does 143 divide 1510259?
False
Is 175879 a multiple of 76?
False
Is 239181 a multiple of 12?
False
Is 799436 a multiple of 22?
True
Is 182 a factor of 4866680?
True
Is 480 a factor of 624000?
True
Is 43 a factor of 321640?
True
Is 1276 a factor of 2167360?
False
Does 104 divide 255506?
False
Does 34 divide 205022?
False
Is 88 a factor of 11475?
False
Is 3030912 a multiple of 18?
True
Is 521370 a multiple of 47?
False
Is 226206 a multiple of 64?
False
Is 96 a factor of 211542?
False
Does 506 divide 299046?
True
Is 703 a factor of 1710013?
False
Does 15 divide 4754015?
False
Does 380 divide 233700?
True
Is 11 a factor of 7194?
True
Is 703 a factor of 1266103?
True
Is 56 a factor of 109704?
True
Is 5683243 a multiple of 30?
False
Is 131347 a multiple of 26?
False
Is 6 a factor of 504594?
True
Does 696 divide 12013735?
False
Does 17 divide 1139068?
True
Does 127 divide 4652921?
False
Is 202267 a multiple of 9?
False
Is 2053476 a multiple of 12?
True
Is 1739034 a multiple of 9?
True
Is 9 a factor of 217771?
False
Is 101832 a multiple of 8?
True
Is 22 a factor of 40352?
False
Is 930933 a multiple of 2?
False
Is 45070 a multiple of 3?
False
Does 331 divide 5958?
True
Is 8 a factor of 151438?
False
Is 93 a factor of 6512325?
True
Is 89453 a multiple of 398?
False
Does 69 divide 1988290?
False
Does 22 divide 3742118?
False
Does 460 divide 5845680?
True
Is 4 a factor of 43712?
True
Is 1972290 a multiple of 10?
True
Is 20049532 a multiple of 22?
False
Does 29 divide 3379660?
True
Is 73 a factor of 2242341?
True
Does 405 divide 5082556?
False
Is 116 a factor of 12204932?
False
Is 152556 a multiple of 45?
False
Is 23388092 a multiple of 49?
True
Does 227 divide 13166?
True
Is 392854 a multiple of 13?
False
Is 11 a factor of 3077067?
False
Is 12961037 a multiple of 381?
False
Does 11 divide 3951